{"id":115,"date":"2019-05-29T16:50:21","date_gmt":"2019-05-29T16:50:21","guid":{"rendered":"http:\/\/1.foerderzentrum-poing.de\/?page_id=115"},"modified":"2025-07-02T13:03:43","modified_gmt":"2025-07-02T12:03:43","slug":"msh","status":"publish","type":"page","link":"https:\/\/foerderzentrum-poing.de\/?page_id=115","title":{"rendered":"MSH"},"content":{"rendered":"<h3><span style=\"color: #3366ff;\">Mobile Sonderp\u00e4dagogische Hilfe (MSH)<\/span><\/h3>\r\n<p><span style=\"color: #333333;\">In der Mobilen Sonderp\u00e4dagogischen Hilfe arbeiten qualifizierte Heilp\u00e4dagoginnen bzw. Heilp\u00e4dagogische F\u00f6rderlehrerinnen des SFZ Poing.<\/span><\/p>\r\n<p><span style=\"color: #333333;\">Im Rahmen der Mobilen Sonderp\u00e4dagogischen Hilfe bietet die Seerosenschule f\u00fcr Kinder in Kindertagesst\u00e4tten Beratung und Unterst\u00fctzung bei folgenden Problemen an:<\/span><\/p>\r\n<ul>\r\n<li><span style=\"color: #333333;\">Sprachauff\u00e4lligkeiten<\/span><\/li>\r\n<li><span style=\"color: #333333;\">Lernschw\u00e4chen<\/span><\/li>\r\n<li><span style=\"color: #333333;\">allgemeine Entwicklungsverz\u00f6gerung<\/span><\/li>\r\n<li><span style=\"color: #333333;\">sozial -emotionale Auff\u00e4lligkeiten<\/span><\/li>\r\n<li><span style=\"color: #333333;\">grob-und feinmotorische Auff\u00e4lligkeiten<\/span><\/li>\r\n<\/ul>\r\n<p><span style=\"color: #333333;\">Unsere Beratung richtet sich an Erzieher, Erzieherinnen und Eltern.<\/span><\/p>\r\n<h5><strong><span style=\"color: #333333;\">In der Regel sieht der Ablauf so aus:<\/span><\/strong><\/h5>\r\n<ul>\r\n<li><span style=\"color: #333333;\">Eltern oder Erzieher und Erzieherinnen nehmen <strong>Kontakt<\/strong> mit der MSH auf<\/span><\/li>\r\n<li><span style=\"color: #333333;\">Abgabe einer <strong>Einverst\u00e4ndniserkl\u00e4rung der Eltern mit Anmeldung<\/strong> f\u00fcr die\u00a0<br \/>\u00a0\u00a0 MSH durch die Kindertagesst\u00e4tte; ggf. Ausf\u00fcllen einer Schweigepflichtentbindung<\/span><\/li>\r\n<li><span style=\"color: #333333;\"><strong>Terminvereinbarung<\/strong> mit dem Kindergarten<\/span><\/li>\r\n<li><span style=\"color: #333333;\"><strong>Informationsbesuch<\/strong> der Mitarbeiterin der MSH im Kindergarten<br \/><\/span><\/li>\r\n<li><span style=\"color: #333333;\">Durchf\u00fchrung von <strong>Beobachtungen<\/strong>, Anamnese und notwendiger Diagnostik<\/span><\/li>\r\n<li><span style=\"color: #333333;\"><strong>Beratungsgespr\u00e4ch<\/strong> mit den Eltern<\/span><\/li>\r\n<li><span style=\"color: #333333;\"><strong>Empfehlung<\/strong> zur weiteren Therapie und Diagnostik oder<\/span><\/li>\r\n<li><span style=\"color: #333333;\">regelm\u00e4\u00dfige <strong>F\u00f6rderung<\/strong> im Kindergarten<\/span><\/li>\r\n<\/ul>\r\n<h5><strong><span style=\"color: #333333;\">Weitere Aufgabengebiete sind:<\/span><\/strong><\/h5>\r\n<ul>\r\n<li><span style=\"color: #333333;\">Beratung von Erziehern und Erzieherinnen und Eltern<\/span><\/li>\r\n<li><span style=\"color: #333333;\">Kooperation mit Logop\u00e4den und Logop\u00e4dinnen, Ergotherapeuten und Ergotherapeutinnen, Fr\u00fchf\u00f6rderstellen, \u00c4rzten<\/span><\/li>\r\n<li><span style=\"color: #333333;\">Teilnahme an Teamsitzungen und Elternabenden<\/span><\/li>\r\n<li><span style=\"color: #333333;\">Fortbildungen und Infonachmittage an der Seerosenschule<\/span><\/li>\r\n<\/ul>\r\n<p><span style=\"color: #333333;\">Wir arbeiten im Aufgabenbereich der F\u00f6rderschulen nach sonderp\u00e4dagogischen Standards. F\u00fcr die Inanspruchnahme der MSH entstehen keine Kosten. Gespr\u00e4che unterliegen der Schweigepflicht und werden zuverl\u00e4ssig vertraulich behandelt.<\/span><\/p>\r\n<h4><span style=\"color: #3366ff;\"><strong>Ansprechpartner sind unsere Kolleginnen:<\/strong><\/span><\/h4>\r\n<ul>\r\n<li><span style=\"color: #333333;\">Mechthild Bunse<br \/><\/span><\/li>\r\n<li><span style=\"color: #333333;\">Britta Kappler<\/span><\/li>\r\n<li><span style=\"color: #333333;\">Bettina Lewerentz<br \/><\/span><\/li>\r\n<\/ul>\r\n<p><span style=\"color: #333333;\">oder die sonderp\u00e4dagogische <strong>Beratungsstelle an der Seerosenschule:<\/strong><br \/><\/span><span style=\"color: #333333;\">Leitung: <\/span><span style=\"color: #333333;\">Irmtraud Schlesinger, SoKRin<br \/><\/span><span style=\"color: #333333;\">Telefonsprechstunde Montag 8.30 bis 9.30 Uhr oder Nachricht auf dem AB hinterlassen<br \/><\/span><span style=\"color: #333333;\">Tel.: 08121 \u2013 779415; <\/span><span style=\"color: #333333;\">Email:<a href=\"mailto:Beratungsstelle@seerosenschule-poing.de\"> 2010.Beratungsstelle@schule.bayern.de<\/a><\/span><\/p>\r\n\r\n<p>&nbsp;<\/p>\r\n","protected":false},"excerpt":{"rendered":"<p>Mobile Sonderp\u00e4dagogische Hilfe (MSH) In der Mobilen Sonderp\u00e4dagogischen Hilfe arbeiten qualifizierte Heilp\u00e4dagoginnen bzw. Heilp\u00e4dagogische F\u00f6rderlehrerinnen des SFZ Poing. Im Rahmen der Mobilen Sonderp\u00e4dagogischen Hilfe bietet die Seerosenschule f\u00fcr Kinder in Kindertagesst\u00e4tten Beratung und Unterst\u00fctzung bei folgenden Problemen an: Sprachauff\u00e4lligkeiten Lernschw\u00e4chen allgemeine Entwicklungsverz\u00f6gerung sozial -emotionale Auff\u00e4lligkeiten grob-und feinmotorische Auff\u00e4lligkeiten Unsere Beratung richtet sich an Erzieher, Erzieherinnen und Eltern. In der Regel<\/p>\n","protected":false},"author":1,"featured_media":0,"parent":0,"menu_order":0,"comment_status":"closed","ping_status":"closed","template":"","meta":{"footnotes":""},"class_list":["post-115","page","type-page","status-publish","hentry"],"_links":{"self":[{"href":"https:\/\/foerderzentrum-poing.de\/index.php?rest_route=\/wp\/v2\/pages\/115","targetHints":{"allow":["GET"]}}],"collection":[{"href":"https:\/\/foerderzentrum-poing.de\/index.php?rest_route=\/wp\/v2\/pages"}],"about":[{"href":"https:\/\/foerderzentrum-poing.de\/index.php?rest_route=\/wp\/v2\/types\/page"}],"author":[{"embeddable":true,"href":"https:\/\/foerderzentrum-poing.de\/index.php?rest_route=\/wp\/v2\/users\/1"}],"replies":[{"embeddable":true,"href":"https:\/\/foerderzentrum-poing.de\/index.php?rest_route=%2Fwp%2Fv2%2Fcomments&post=115"}],"version-history":[{"count":12,"href":"https:\/\/foerderzentrum-poing.de\/index.php?rest_route=\/wp\/v2\/pages\/115\/revisions"}],"predecessor-version":[{"id":1651,"href":"https:\/\/foerderzentrum-poing.de\/index.php?rest_route=\/wp\/v2\/pages\/115\/revisions\/1651"}],"wp:attachment":[{"href":"https:\/\/foerderzentrum-poing.de\/index.php?rest_route=%2Fwp%2Fv2%2Fmedia&parent=115"}],"curies":[{"name":"wp","href":"https:\/\/api.w.org\/{rel}","templated":true}]}}

<h3><span style="color: #3366ff;">Mobile Sonderpädagogische Hilfe (MSH)</span></h3>
<p><span style="color: #333333;">In der Mobilen Sonderpädagogischen Hilfe arbeiten qualifizierte Heilpädagoginnen bzw. Heilpädagogische Förderlehrerinnen des SFZ Poing.</span></p>
<p><span style="color: #333333;">Im Rahmen der Mobilen Sonderpädagogischen Hilfe bietet die Seerosenschule für Kinder in Kindertagesstätten Beratung und Unterstützung bei folgenden Problemen an:</span></p>
<ul>
<li><span style="color: #333333;">Sprachauffälligkeiten</span></li>
<li><span style="color: #333333;">Lernschwächen</span></li>
<li><span style="color: #333333;">allgemeine Entwicklungsverzögerung</span></li>
<li><span style="color: #333333;">sozial -emotionale Auffälligkeiten</span></li>
<li><span style="color: #333333;">grob-und feinmotorische Auffälligkeiten</span></li>
</ul>
<p><span style="color: #333333;">Unsere Beratung richtet sich an Erzieher, Erzieherinnen und Eltern.</span></p>
<h5><strong><span style="color: #333333;">In der Regel sieht der Ablauf so aus:</span></strong></h5>
<ul>
<li><span style="color: #333333;">Eltern oder Erzieher und Erzieherinnen nehmen <strong>Kontakt</strong> mit der MSH auf</span></li>
<li><span style="color: #333333;">Abgabe einer <strong>Einverständniserklärung der Eltern mit Anmeldung</strong> für die <br />   MSH durch die Kindertagesstätte; ggf. Ausfüllen einer Schweigepflichtentbindung</span></li>
<li><span style="color: #333333;"><strong>Terminvereinbarung</strong> mit dem Kindergarten</span></li>
<li><span style="color: #333333;"><strong>Informationsbesuch</strong> der Mitarbeiterin der MSH im Kindergarten<br /></span></li>
<li><span style="color: #333333;">Durchführung von <strong>Beobachtungen</strong>, Anamnese und notwendiger Diagnostik</span></li>
<li><span style="color: #333333;"><strong>Beratungsgespräch</strong> mit den Eltern</span></li>
<li><span style="color: #333333;"><strong>Empfehlung</strong> zur weiteren Therapie und Diagnostik oder</span></li>
<li><span style="color: #333333;">regelmäßige <strong>Förderung</strong> im Kindergarten</span></li>
</ul>
<h5><strong><span style="color: #333333;">Weitere Aufgabengebiete sind:</span></strong></h5>
<ul>
<li><span style="color: #333333;">Beratung von Erziehern und Erzieherinnen und Eltern</span></li>
<li><span style="color: #333333;">Kooperation mit Logopäden und Logopädinnen, Ergotherapeuten und Ergotherapeutinnen, Frühförderstellen, Ärzten</span></li>
<li><span style="color: #333333;">Teilnahme an Teamsitzungen und Elternabenden</span></li>
<li><span style="color: #333333;">Fortbildungen und Infonachmittage an der Seerosenschule</span></li>
</ul>
<p><span style="color: #333333;">Wir arbeiten im Aufgabenbereich der Förderschulen nach sonderpädagogischen Standards. Für die Inanspruchnahme der MSH entstehen keine Kosten. Gespräche unterliegen der Schweigepflicht und werden zuverlässig vertraulich behandelt.</span></p>
<h4><span style="color: #3366ff;"><strong>Ansprechpartner sind unsere Kolleginnen:</strong></span></h4>
<ul>
<li><span style="color: #333333;">Mechthild Bunse<br /></span></li>
<li><span style="color: #333333;">Britta Kappler</span></li>
<li><span style="color: #333333;">Bettina Lewerentz<br /></span></li>
</ul>
<p><span style="color: #333333;">oder die sonderpädagogische <strong>Beratungsstelle an der Seerosenschule:</strong><br /></span><span style="color: #333333;">Leitung: </span><span style="color: #333333;">Irmtraud Schlesinger, SoKRin<br /></span><span style="color: #333333;">Telefonsprechstunde Montag 8.30 bis 9.30 Uhr oder Nachricht auf dem AB hinterlassen<br /></span><span style="color: #333333;">Tel.: 08121 – 779415; </span><span style="color: #333333;">Email:<a href="mailto:Beratungsstelle@seerosenschule-poing.de"> 2010.Beratungsstelle@schule.bayern.de</a></span></p>

<p>&nbsp;</p>

<p>Mobile Sonderpädagogische Hilfe (MSH) In der Mobilen Sonderpädagogischen Hilfe arbeiten qualifizierte Heilpädagoginnen bzw. Heilpädagogische Förderlehrerinnen des SFZ Poing. Im Rahmen der Mobilen Sonderpädagogischen Hilfe bietet die Seerosenschule für Kinder in Kindertagesstätten Beratung und Unterstützung bei folgenden Problemen an: Sprachauffälligkeiten Lernschwächen allgemeine Entwicklungsverzögerung sozial -emotionale Auffälligkeiten grob-und feinmotorische Auffälligkeiten Unsere Beratung richtet sich an Erzieher, Erzieherinnen und Eltern. In der Regel</p>
