{"id":268,"date":"2019-10-20T15:44:01","date_gmt":"2019-10-20T15:44:01","guid":{"rendered":"http:\/\/1.foerderzentrum-poing.de\/?page_id=268"},"modified":"2025-07-02T13:29:37","modified_gmt":"2025-07-02T12:29:37","slug":"digitalisierung","status":"publish","type":"page","link":"https:\/\/foerderzentrum-poing.de\/?page_id=268","title":{"rendered":"Digitalisierung"},"content":{"rendered":"<h3><span style=\"color: #3366ff;\">Einsatz von Medien an der Seerosenschule<\/span><\/h3>\n<p>Wir verwenden zahlreiche digitale Medien. Bereits ab der SVE sind der Einsatz und die Hinf\u00fchrung zur Nutzung digitaler Medien von Bedeutung. In der heutigen medialen Welt ist ein wichtiger Auftrag unsererseits den Sch\u00fclerinnen und Sch\u00fclern F\u00e4higkeiten und Fertigkeiten bez\u00fcglich digitaler Medien mitzugeben. Zu den zwei gro\u00dfen Bereichen geh\u00f6ren allgemein die Nutzung, aber auch der kritische Umgang mit digitalen Medien.<\/p>\n<h3><span style=\"color: #3366ff;\">Ausstattung<\/span><\/h3>\n<p>Alle unsere 18 Klassen sind mit einem ActivPanel ausgestattet. In einigen Nebenr\u00e4umen befinden sich Computer, die von Sch\u00fclerinnen und Sch\u00fclern genutzt werden d\u00fcrfen. In allen Klassen ist ein Internetanschluss vorhanden, WLAN funktioniert im ganzen Haus. Im Computerraum stehen weitere Computer sowie 15 Convertibles zur Verf\u00fcgung, die mit der gesamten Klasse genutzt werden k\u00f6nnen. Es bestehen bereits acht iPad Klassen und auch die Lehrkr\u00e4fte sind mit Lehrerdienstger\u00e4ten leihweise ausgestattet. Auch die Fachr\u00e4ume sind\u00a0 mit mobilen Einheiten aus Dokumentenkameras und Beamern ausgestattet.<\/p>\n<h3><span style=\"color: #3366ff;\">Einsatz der digitalen Medien im Unterricht in der Grundschulstufe<\/span><\/h3>\n<p>Neben der themenbezogenen F\u00f6rderung durch das Lernprogramm werden auch erste Erfahrungen im Umgang mit dem Computer gesammelt. (anschalten, anmelden, Programm aufrufen, in dem Programm den Weg zur gesuchten \u00dcbung finden, Umgang mit Tastatur und Maus).<\/p>\n<p>Im Rahmen des Klassenunterrichts z.B. in HSU werden am Lehrercomputer Kindersuchmaschinen vorgestellt und in die Nutzung eingef\u00fchrt. Die Sch\u00fcler erhalten so erste Einblicke, wie man sich im Internet informieren kann. So wird auch eine kritische Auseinandersetzung und der ethische Umgang mit neuen Medien angebahnt (Ist die Seite f\u00fcr mein Alter geeignet? Passt der Inhalt zu meiner Suchanfrage? Wer hat die Seite verfasst? Decken sich die Informationen mit meinem bisherigen Wissen?)<\/p>\n<h3><span style=\"color: #3366ff;\">Einsatz der digitalen Medien im Unterricht in der Mittelschulstufe<\/span><\/h3>\n<p>In den Klassen 5-9 kommt dem Einsatz neuer Medien eine gro\u00dfe Bedeutung zu. Ein kompetenter und kritischer Umgang mit dem Handy wird mit \u201eHandypausen\u201c und \u201eHandyprojekten\u201c geschult.<br \/>\nInformatikunterricht findet im Computerraum statt. Vor allem im berufsvorbereitenden Unterricht in den Klassen 7-9 fertigen die Sch\u00fclerinnen und Sch\u00fcler ihre Referatsausarbeitungen in Deutsch und BLO sowie die schriftlichen Bewerbungen f\u00fcr die Sch\u00fcler-\u00dcbungsfirmen an. In Pr\u00e4sentationsprogrammen wie Powerpoint oder Keynote erstellen die\u00a0 Sch\u00fclerinnen und Sch\u00fcler Plakate zu verschiedenen Themen.<\/p>\n<h3><span style=\"color: #3366ff;\">iPad-Klassen<\/span><\/h3>\n<p>Neben dem schnellen, einfachen und motivierenden Zugang zu diesen neuen Medien kommt dem Einsatz von iPads auch au\u00dferhalb des Klassenzimmers eine gro\u00dfe Bedeutung zu. So arbeiten die Sch\u00fclerinnen und Sch\u00fcler zum Beispiel mit ihren iPads in Kleingruppen und f\u00fchren Interviews mit Hilfe der Sprach- und Videoaufzeichnung durch. Die vielseitigen und intuitiven Apps auf den iPads motivieren und unterst\u00fctzen die Sch\u00fcler und Sch\u00fclerinnen sehr im Unterricht in verschiedenen F\u00e4chern.<\/p>\n","protected":false},"excerpt":{"rendered":"<p>Einsatz von Medien an der Seerosenschule Wir verwenden zahlreiche digitale Medien. Bereits ab der SVE sind der Einsatz und die Hinf\u00fchrung zur Nutzung digitaler Medien von Bedeutung. In der heutigen medialen Welt ist ein wichtiger Auftrag unsererseits den Sch\u00fclerinnen und Sch\u00fclern F\u00e4higkeiten und Fertigkeiten bez\u00fcglich digitaler Medien mitzugeben. Zu den zwei gro\u00dfen Bereichen geh\u00f6ren allgemein die Nutzung, aber auch der<\/p>\n","protected":false},"author":1,"featured_media":0,"parent":0,"menu_order":0,"comment_status":"closed","ping_status":"closed","template":"","meta":{"footnotes":""},"class_list":["post-268","page","type-page","status-publish","hentry"],"_links":{"self":[{"href":"https:\/\/foerderzentrum-poing.de\/index.php?rest_route=\/wp\/v2\/pages\/268","targetHints":{"allow":["GET"]}}],"collection":[{"href":"https:\/\/foerderzentrum-poing.de\/index.php?rest_route=\/wp\/v2\/pages"}],"about":[{"href":"https:\/\/foerderzentrum-poing.de\/index.php?rest_route=\/wp\/v2\/types\/page"}],"author":[{"embeddable":true,"href":"https:\/\/foerderzentrum-poing.de\/index.php?rest_route=\/wp\/v2\/users\/1"}],"replies":[{"embeddable":true,"href":"https:\/\/foerderzentrum-poing.de\/index.php?rest_route=%2Fwp%2Fv2%2Fcomments&post=268"}],"version-history":[{"count":12,"href":"https:\/\/foerderzentrum-poing.de\/index.php?rest_route=\/wp\/v2\/pages\/268\/revisions"}],"predecessor-version":[{"id":1666,"href":"https:\/\/foerderzentrum-poing.de\/index.php?rest_route=\/wp\/v2\/pages\/268\/revisions\/1666"}],"wp:attachment":[{"href":"https:\/\/foerderzentrum-poing.de\/index.php?rest_route=%2Fwp%2Fv2%2Fmedia&parent=268"}],"curies":[{"name":"wp","href":"https:\/\/api.w.org\/{rel}","templated":true}]}}

<h3><span style="color: #3366ff;">Einsatz von Medien an der Seerosenschule</span></h3>
<p>Wir verwenden zahlreiche digitale Medien. Bereits ab der SVE sind der Einsatz und die Hinführung zur Nutzung digitaler Medien von Bedeutung. In der heutigen medialen Welt ist ein wichtiger Auftrag unsererseits den Schülerinnen und Schülern Fähigkeiten und Fertigkeiten bezüglich digitaler Medien mitzugeben. Zu den zwei großen Bereichen gehören allgemein die Nutzung, aber auch der kritische Umgang mit digitalen Medien.</p>
<h3><span style="color: #3366ff;">Ausstattung</span></h3>
<p>Alle unsere 18 Klassen sind mit einem ActivPanel ausgestattet. In einigen Nebenräumen befinden sich Computer, die von Schülerinnen und Schülern genutzt werden dürfen. In allen Klassen ist ein Internetanschluss vorhanden, WLAN funktioniert im ganzen Haus. Im Computerraum stehen weitere Computer sowie 15 Convertibles zur Verfügung, die mit der gesamten Klasse genutzt werden können. Es bestehen bereits acht iPad Klassen und auch die Lehrkräfte sind mit Lehrerdienstgeräten leihweise ausgestattet. Auch die Fachräume sind  mit mobilen Einheiten aus Dokumentenkameras und Beamern ausgestattet.</p>
<h3><span style="color: #3366ff;">Einsatz der digitalen Medien im Unterricht in der Grundschulstufe</span></h3>
<p>Neben der themenbezogenen Förderung durch das Lernprogramm werden auch erste Erfahrungen im Umgang mit dem Computer gesammelt. (anschalten, anmelden, Programm aufrufen, in dem Programm den Weg zur gesuchten Übung finden, Umgang mit Tastatur und Maus).</p>
<p>Im Rahmen des Klassenunterrichts z.B. in HSU werden am Lehrercomputer Kindersuchmaschinen vorgestellt und in die Nutzung eingeführt. Die Schüler erhalten so erste Einblicke, wie man sich im Internet informieren kann. So wird auch eine kritische Auseinandersetzung und der ethische Umgang mit neuen Medien angebahnt (Ist die Seite für mein Alter geeignet? Passt der Inhalt zu meiner Suchanfrage? Wer hat die Seite verfasst? Decken sich die Informationen mit meinem bisherigen Wissen?)</p>
<h3><span style="color: #3366ff;">Einsatz der digitalen Medien im Unterricht in der Mittelschulstufe</span></h3>
<p>In den Klassen 5-9 kommt dem Einsatz neuer Medien eine große Bedeutung zu. Ein kompetenter und kritischer Umgang mit dem Handy wird mit „Handypausen“ und „Handyprojekten“ geschult.<br />
Informatikunterricht findet im Computerraum statt. Vor allem im berufsvorbereitenden Unterricht in den Klassen 7-9 fertigen die Schülerinnen und Schüler ihre Referatsausarbeitungen in Deutsch und BLO sowie die schriftlichen Bewerbungen für die Schüler-Übungsfirmen an. In Präsentationsprogrammen wie Powerpoint oder Keynote erstellen die  Schülerinnen und Schüler Plakate zu verschiedenen Themen.</p>
<h3><span style="color: #3366ff;">iPad-Klassen</span></h3>
<p>Neben dem schnellen, einfachen und motivierenden Zugang zu diesen neuen Medien kommt dem Einsatz von iPads auch außerhalb des Klassenzimmers eine große Bedeutung zu. So arbeiten die Schülerinnen und Schüler zum Beispiel mit ihren iPads in Kleingruppen und führen Interviews mit Hilfe der Sprach- und Videoaufzeichnung durch. Die vielseitigen und intuitiven Apps auf den iPads motivieren und unterstützen die Schüler und Schülerinnen sehr im Unterricht in verschiedenen Fächern.</p>

<p>Einsatz von Medien an der Seerosenschule Wir verwenden zahlreiche digitale Medien. Bereits ab der SVE sind der Einsatz und die Hinführung zur Nutzung digitaler Medien von Bedeutung. In der heutigen medialen Welt ist ein wichtiger Auftrag unsererseits den Schülerinnen und Schülern Fähigkeiten und Fertigkeiten bezüglich digitaler Medien mitzugeben. Zu den zwei großen Bereichen gehören allgemein die Nutzung, aber auch der</p>
