{"id":31,"date":"2019-05-18T13:01:47","date_gmt":"2019-05-18T13:01:47","guid":{"rendered":"http:\/\/1.foerderzentrum-poing.de\/?page_id=31"},"modified":"2025-07-03T14:30:00","modified_gmt":"2025-07-03T13:30:00","slug":"beratung","status":"publish","type":"page","link":"https:\/\/foerderzentrum-poing.de\/?page_id=31","title":{"rendered":"Beratung"},"content":{"rendered":"<div id=\"primary\" class=\"content-area clr\">\n<div id=\"content\" class=\"site-content clr\">\n<article class=\"single-page-article clr\">\n<div class=\"entry clr\">\n<h3><span style=\"color: #3366ff;\">Sonderp\u00e4dagogische Beratungsstelle<\/span><\/h3>\n<h4><span style=\"color: #3366ff;\">Ihre Ansprechpartnerinnen<\/span><\/h4>\n<p><span style=\"color: #333333;\">Irmtraud Schlesinger, zweite Konrektorin und qualifizierte Beratungslehrerin<br \/>\nMichaela Lamy, StRin F\u00f6S, qualifizierte Beratungslehrerin<\/span><br \/>\n<span style=\"color: #333333;\">Petra Rusp, StRin F\u00f6S<br \/>\n<\/span>Christiane Gei\u00dfler, StRin F\u00f6S<\/p>\n<h4><span style=\"color: #3366ff;\">Kontakt und Anmeldung:<\/span><\/h4>\n<h5><span style=\"color: #333333;\">\u00d6ffnungszeiten:<\/span><br \/>\n<span style=\"color: #333333;\">W\u00e4hrend der Schultage bieten wir nach Terminvereinbarung pers\u00f6nliche und telefonische Beratung an.<\/span><\/h5>\n<p><span style=\"color: #333333;\">Telefonsprechstunde:<\/span><br \/>\n<span style=\"color: #333333;\"><strong>Montags von 8.30 Uhr bis 9.30 Uhr;<\/strong><\/span><br \/>\n<span style=\"color: #333333;\"><strong>Tel.: 08121- 7794 -15<\/strong><\/span><br \/>\n<span style=\"color: #333333;\">Bitte hinterlassen Sie au\u00dferhalb der Telefonsprechstunde auf dem Anrufbeantworter eine Nachricht. Wir rufen zur\u00fcck.<\/span><\/p>\n<p><span style=\"color: #333333;\">Sie k\u00f6nnen uns auch per E-Mail kontaktieren:<\/span><br \/>\n<span style=\"color: #333333;\"><a style=\"color: #333333;\" href=\"mailto:Beratungsstelle@seerosenschule-poing.de\"><strong>Beratungsstelle@seerosenschule-poing.de<\/strong><\/a><\/span><\/p>\n<p><span style=\"color: #333333;\">Die Beratungsstelle am SFZ Poing ist ein zus\u00e4tzliches Angebot im Rahmen des Mobilen Sonderp\u00e4dagogischen Dienstes (MSD). Unser Angebot richtet sich an Eltern, Sch\u00fclerinnen und Sch\u00fcler, Lehrerinnen und Lehrer, Erzieherinnen und Erzieher sowie an Mitarbeiterinnen und Mitarbeiter verschiedener Fachdienste.<\/span><\/p>\n<h4><span style=\"color: #3366ff;\">Eltern<\/span><\/h4>\n<ul>\n<li><span style=\"color: #333333;\">bei Fragen zur Einschulung oder zur Schullaufbahn allgemein<\/span><\/li>\n<li><span style=\"color: #333333;\">bei Fragen zum richtigen F\u00f6rderort<\/span><\/li>\n<li><span style=\"color: #333333;\">bei Fragen zur Inklusion<\/span><\/li>\n<li><span style=\"color: #333333;\">wenn Anregungen zur F\u00f6rderung gebraucht werden<\/span><\/li>\n<li><span style=\"color: #333333;\">wenn Sie sich \u00fcber m\u00f6gliche Therapien informieren wollen<\/span><\/li>\n<\/ul>\n<h4><span style=\"color: #3366ff;\">Erzieher*innen und Lehrkr\u00e4fte<\/span><\/h4>\n<ul>\n<li><span style=\"color: #333333;\">\u00a0wenn Sie sich \u00fcber das Angebot der Mobilen Sonderp\u00e4dagogischen Hilfe (MSH) oder<\/span><\/li>\n<li><span style=\"color: #333333;\">des Mobilen Sonderp\u00e4dagogischen Dienstes (MSD) informieren wollen,<\/span><\/li>\n<li><span style=\"color: #333333;\">Anregungen zu anschaulichen F\u00f6rdermaterialien suchen,<\/span><\/li>\n<li><span style=\"color: #333333;\">sich \u00fcber M\u00f6glichkeiten der F\u00f6rderung von Kindern mit sonderp\u00e4dagogischem F\u00f6rderbedarf informieren wollen.<\/span><\/li>\n<\/ul>\n<p><span style=\"color: #333333;\">Die Beratungsstelle unterst\u00fctzt Kinder mit sonderp\u00e4dagogischem F\u00f6rderbedarf. Der F\u00f6rderbedarf kann sich auf unterschiedliche Art zeigen.<\/span><\/p>\n<h4><span style=\"color: #3366ff;\"><strong>Wir gehen ein auf Probleme in den Bereichen:<\/strong><\/span><\/h4>\n<ul>\n<li><span style=\"color: #333333;\">Sprache (Wortschatz, Sprachverst\u00e4ndnis)<\/span><\/li>\n<li><span style=\"color: #333333;\">Erwerb des Lesens und Schreibens<\/span><\/li>\n<li><span style=\"color: #333333;\">Lern- und Arbeitsverhalten<\/span><\/li>\n<li><span style=\"color: #333333;\">Sozial- emotionales Verhalten (Pers\u00f6nlichkeitsentwicklung, Emotionalit\u00e4t und Gef\u00fchlsregulation, Empathief\u00e4higkeit, Konfliktverhalten)<\/span><\/li>\n<li><span style=\"color: #333333;\">Kognition (Wahrnehmung, Verarbeitung und Speicherung von Wissen, logisches Denken, Abstraktion, Zahlenverst\u00e4ndnis und Mengenerfassung)<\/span><\/li>\n<li><span style=\"color: #333333;\">Aufmerksamkeit und Konzentration<\/span><\/li>\n<li><span style=\"color: #333333;\">Basale Wahrnehmungsbereiche (auditiv, visuell, taktil, olfaktorisch, vestibul\u00e4r)<\/span><\/li>\n<\/ul>\n<h4><span style=\"color: #3366ff;\">Schwerpunkte unserer Arbeit<\/span><\/h4>\n<ul>\n<li><span style=\"color: #333333;\">ausf\u00fchrliche Diagnostik bei Lernschwierigkeiten, sprachlichen Auff\u00e4lligkeiten und Verhaltensproblemen<\/span><\/li>\n<li><span style=\"color: #333333;\">ressourcenorientierte und individuelle Beratung<\/span><\/li>\n<li><span style=\"color: #333333;\">schuleingangsdiagnostische Begleitung und Beratung<\/span><\/li>\n<li><span style=\"color: #333333;\">Zusammenarbeit mit \u00c4rzten, Psychologen, Therapeuten, Kinderg\u00e4rten, Regelschulen und sonstigen Institutionen<\/span><\/li>\n<\/ul>\n<p><span style=\"color: #333333;\"><strong>Das Angebot ist kostenfrei.<\/strong><\/span><\/p>\n<p><span style=\"color: #333333;\"><strong>Alle Gespr\u00e4che werden streng vertraulich behandelt. Die Mitarbeiterinnen unterliegen der Schweigepflicht.<\/strong><\/span><\/p>\n<\/div>\n<\/article>\n<\/div>\n<\/div>\n","protected":false},"excerpt":{"rendered":"<p>Sonderp\u00e4dagogische Beratungsstelle Ihre Ansprechpartnerinnen Irmtraud Schlesinger, zweite Konrektorin und qualifizierte Beratungslehrerin Michaela Lamy, StRin F\u00f6S, qualifizierte Beratungslehrerin Petra Rusp, StRin F\u00f6S Christiane Gei\u00dfler, StRin F\u00f6S Kontakt und Anmeldung: \u00d6ffnungszeiten: W\u00e4hrend der Schultage bieten wir nach Terminvereinbarung pers\u00f6nliche und telefonische Beratung an. Telefonsprechstunde: Montags von 8.30 Uhr bis 9.30 Uhr; Tel.: 08121- 7794 -15 Bitte hinterlassen Sie au\u00dferhalb der Telefonsprechstunde auf<\/p>\n","protected":false},"author":1,"featured_media":0,"parent":0,"menu_order":0,"comment_status":"closed","ping_status":"closed","template":"","meta":{"footnotes":""},"class_list":["post-31","page","type-page","status-publish","hentry"],"_links":{"self":[{"href":"https:\/\/foerderzentrum-poing.de\/index.php?rest_route=\/wp\/v2\/pages\/31","targetHints":{"allow":["GET"]}}],"collection":[{"href":"https:\/\/foerderzentrum-poing.de\/index.php?rest_route=\/wp\/v2\/pages"}],"about":[{"href":"https:\/\/foerderzentrum-poing.de\/index.php?rest_route=\/wp\/v2\/types\/page"}],"author":[{"embeddable":true,"href":"https:\/\/foerderzentrum-poing.de\/index.php?rest_route=\/wp\/v2\/users\/1"}],"replies":[{"embeddable":true,"href":"https:\/\/foerderzentrum-poing.de\/index.php?rest_route=%2Fwp%2Fv2%2Fcomments&post=31"}],"version-history":[{"count":8,"href":"https:\/\/foerderzentrum-poing.de\/index.php?rest_route=\/wp\/v2\/pages\/31\/revisions"}],"predecessor-version":[{"id":1671,"href":"https:\/\/foerderzentrum-poing.de\/index.php?rest_route=\/wp\/v2\/pages\/31\/revisions\/1671"}],"wp:attachment":[{"href":"https:\/\/foerderzentrum-poing.de\/index.php?rest_route=%2Fwp%2Fv2%2Fmedia&parent=31"}],"curies":[{"name":"wp","href":"https:\/\/api.w.org\/{rel}","templated":true}]}}

<div id="primary" class="content-area clr">
<div id="content" class="site-content clr">
<article class="single-page-article clr">
<div class="entry clr">
<h3><span style="color: #3366ff;">Sonderpädagogische Beratungsstelle</span></h3>
<h4><span style="color: #3366ff;">Ihre Ansprechpartnerinnen</span></h4>
<p><span style="color: #333333;">Irmtraud Schlesinger, zweite Konrektorin und qualifizierte Beratungslehrerin<br />
Michaela Lamy, StRin FöS, qualifizierte Beratungslehrerin</span><br />
<span style="color: #333333;">Petra Rusp, StRin FöS<br />
</span>Christiane Geißler, StRin FöS</p>
<h4><span style="color: #3366ff;">Kontakt und Anmeldung:</span></h4>
<h5><span style="color: #333333;">Öffnungszeiten:</span><br />
<span style="color: #333333;">Während der Schultage bieten wir nach Terminvereinbarung persönliche und telefonische Beratung an.</span></h5>
<p><span style="color: #333333;">Telefonsprechstunde:</span><br />
<span style="color: #333333;"><strong>Montags von 8.30 Uhr bis 9.30 Uhr;</strong></span><br />
<span style="color: #333333;"><strong>Tel.: 08121- 7794 -15</strong></span><br />
<span style="color: #333333;">Bitte hinterlassen Sie außerhalb der Telefonsprechstunde auf dem Anrufbeantworter eine Nachricht. Wir rufen zurück.</span></p>
<p><span style="color: #333333;">Sie können uns auch per E-Mail kontaktieren:</span><br />
<span style="color: #333333;"><a style="color: #333333;" href="mailto:Beratungsstelle@seerosenschule-poing.de"><strong>Beratungsstelle@seerosenschule-poing.de</strong></a></span></p>
<p><span style="color: #333333;">Die Beratungsstelle am SFZ Poing ist ein zusätzliches Angebot im Rahmen des Mobilen Sonderpädagogischen Dienstes (MSD). Unser Angebot richtet sich an Eltern, Schülerinnen und Schüler, Lehrerinnen und Lehrer, Erzieherinnen und Erzieher sowie an Mitarbeiterinnen und Mitarbeiter verschiedener Fachdienste.</span></p>
<h4><span style="color: #3366ff;">Eltern</span></h4>
<ul>
<li><span style="color: #333333;">bei Fragen zur Einschulung oder zur Schullaufbahn allgemein</span></li>
<li><span style="color: #333333;">bei Fragen zum richtigen Förderort</span></li>
<li><span style="color: #333333;">bei Fragen zur Inklusion</span></li>
<li><span style="color: #333333;">wenn Anregungen zur Förderung gebraucht werden</span></li>
<li><span style="color: #333333;">wenn Sie sich über mögliche Therapien informieren wollen</span></li>
</ul>
<h4><span style="color: #3366ff;">Erzieher*innen und Lehrkräfte</span></h4>
<ul>
<li><span style="color: #333333;"> wenn Sie sich über das Angebot der Mobilen Sonderpädagogischen Hilfe (MSH) oder</span></li>
<li><span style="color: #333333;">des Mobilen Sonderpädagogischen Dienstes (MSD) informieren wollen,</span></li>
<li><span style="color: #333333;">Anregungen zu anschaulichen Fördermaterialien suchen,</span></li>
<li><span style="color: #333333;">sich über Möglichkeiten der Förderung von Kindern mit sonderpädagogischem Förderbedarf informieren wollen.</span></li>
</ul>
<p><span style="color: #333333;">Die Beratungsstelle unterstützt Kinder mit sonderpädagogischem Förderbedarf. Der Förderbedarf kann sich auf unterschiedliche Art zeigen.</span></p>
<h4><span style="color: #3366ff;"><strong>Wir gehen ein auf Probleme in den Bereichen:</strong></span></h4>
<ul>
<li><span style="color: #333333;">Sprache (Wortschatz, Sprachverständnis)</span></li>
<li><span style="color: #333333;">Erwerb des Lesens und Schreibens</span></li>
<li><span style="color: #333333;">Lern- und Arbeitsverhalten</span></li>
<li><span style="color: #333333;">Sozial- emotionales Verhalten (Persönlichkeitsentwicklung, Emotionalität und Gefühlsregulation, Empathiefähigkeit, Konfliktverhalten)</span></li>
<li><span style="color: #333333;">Kognition (Wahrnehmung, Verarbeitung und Speicherung von Wissen, logisches Denken, Abstraktion, Zahlenverständnis und Mengenerfassung)</span></li>
<li><span style="color: #333333;">Aufmerksamkeit und Konzentration</span></li>
<li><span style="color: #333333;">Basale Wahrnehmungsbereiche (auditiv, visuell, taktil, olfaktorisch, vestibulär)</span></li>
</ul>
<h4><span style="color: #3366ff;">Schwerpunkte unserer Arbeit</span></h4>
<ul>
<li><span style="color: #333333;">ausführliche Diagnostik bei Lernschwierigkeiten, sprachlichen Auffälligkeiten und Verhaltensproblemen</span></li>
<li><span style="color: #333333;">ressourcenorientierte und individuelle Beratung</span></li>
<li><span style="color: #333333;">schuleingangsdiagnostische Begleitung und Beratung</span></li>
<li><span style="color: #333333;">Zusammenarbeit mit Ärzten, Psychologen, Therapeuten, Kindergärten, Regelschulen und sonstigen Institutionen</span></li>
</ul>
<p><span style="color: #333333;"><strong>Das Angebot ist kostenfrei.</strong></span></p>
<p><span style="color: #333333;"><strong>Alle Gespräche werden streng vertraulich behandelt. Die Mitarbeiterinnen unterliegen der Schweigepflicht.</strong></span></p>
</div>
</article>
</div>
</div>

<p>Sonderpädagogische Beratungsstelle Ihre Ansprechpartnerinnen Irmtraud Schlesinger, zweite Konrektorin und qualifizierte Beratungslehrerin Michaela Lamy, StRin FöS, qualifizierte Beratungslehrerin Petra Rusp, StRin FöS Christiane Geißler, StRin FöS Kontakt und Anmeldung: Öffnungszeiten: Während der Schultage bieten wir nach Terminvereinbarung persönliche und telefonische Beratung an. Telefonsprechstunde: Montags von 8.30 Uhr bis 9.30 Uhr; Tel.: 08121- 7794 -15 Bitte hinterlassen Sie außerhalb der Telefonsprechstunde auf</p>
