{"id":88,"date":"2019-05-29T16:42:34","date_gmt":"2019-05-29T16:42:34","guid":{"rendered":"http:\/\/1.foerderzentrum-poing.de\/?page_id=88"},"modified":"2025-10-10T08:24:55","modified_gmt":"2025-10-10T07:24:55","slug":"ogs","status":"publish","type":"page","link":"https:\/\/foerderzentrum-poing.de\/?page_id=88","title":{"rendered":"OGS"},"content":{"rendered":"<h4><span style=\"color: #3366ff;\">Offene Ganztagsschule f\u00fcr Kinder aus den Klassen 1, 1A und 2<\/span><\/h4>\r\n<p style=\"text-align: left;\"><span style=\"color: #333333;\">\u00a0\u00a0\u00a0\u00a0\u00a0\u00a0\u00a0\u00a0\u00a0\u00a0\u00a0\u00a0\u00a0\u00a0\u00a0\u00a0\u00a0\u00a0\u00a0\u00a0\u00a0\u00a0\u00a0\u00a0\u00a0\u00a0\u00a0\u00a0\u00a0\u00a0\u00a0\u00a0\u00a0\u00a0\u00a0\u00a0\u00a0\u00a0\u00a0\u00a0\u00a0\u00a0\u00a0\u00a0\u00a0\u00a0\u00a0\u00a0\u00a0\u00a0\u00a0\u00a0\u00a0\u00a0\u00a0\u00a0\u00a0\u00a0\u00a0\u00a0\u00a0\u00a0<\/span><br \/><span style=\"color: #333333;\"><img loading=\"lazy\" decoding=\"async\" class=\"alignnone size-full wp-image-380\" src=\"http:\/\/1.foerderzentrum-poing.de\/wp-content\/uploads\/2020\/01\/Kinderland.jpg\" alt=\"\" width=\"279\" height=\"121\" \/> <\/span><span style=\"color: #333333;\">Die OGS ist eine p\u00e4dagogisch ausgerichtete Betreuung. Nach dem Unterricht besteht bei vielen Kindern ein starkes Bed\u00fcrfnis nach freier Kommunikation, entspannter Unterhaltung und freiem Spiel. Die OGS wird deshalb als beaufsichtigte Freizeit ohne Lern- und Leistungsdruck gestaltet. Durch\u00a0 Angebote wie Vorlesen, Basteln, Rollen- und Bewegungsspiele werden Sprache, Motorik, Feinmotorik und die sozialen Kompetenzen geschult. Die Nutzung dieser Angebote erfolgt durch die Kinder selbstbestimmt und freiwillig.<\/span><\/p>\r\n<p><span style=\"color: #333333;\"><strong>Die Betreuungszeit beginnt mit dem Unterrichtsende und endet um 16.00 Uhr.<\/strong> <\/span><br \/><span style=\"color: #333333;\">Die Zeit bis 14.00 Uhr ist in erster Linie f\u00fcr das gemeinsame Mittagessen, f\u00fcr Kommunikation und Spielen reserviert, zwischen 14.00 Uhr und 16.00 Uhr wird eine verl\u00e4ssliche Hausaufgabenbetreuung angeboten.<\/span><br \/><span style=\"color: #333333;\"><strong>Weitergehende Informationen erhalten Sie im B\u00fcro unseres Kooperationspartners &#8222;Kinderland Plus gGmbH&#8220; bei <br \/>Frau Amelie Bu\u00dfj\u00e4ger oder Herrn Thomas Meier Tel. (08121) 25088-0.<\/strong><\/span><\/p>\r\n<h4>\u00a0<\/h4>\r\n<h4><span style=\"color: #3366ff;\">Offene Ganztagsschule f\u00fcr Kinder der 3. und 4. Klasse<\/span><\/h4>\r\n<p><br \/><span style=\"color: #333333;\"><img loading=\"lazy\" decoding=\"async\" class=\"size-full wp-image-222 alignleft\" src=\"http:\/\/1.foerderzentrum-poing.de\/wp-content\/uploads\/2019\/10\/AWO-Logo.png\" alt=\"\" width=\"146\" height=\"114\" \/> Die Offene Ganztagsschule ist eine Einrichtung der Arbeiterwohlfahrt, Kreisverband Ebersberg e. V. (AWO). <br \/><\/span><\/p>\r\n<p><span style=\"color: #333333;\">Das Angebot der Offenen Ganztagsschule richtet sich an alle Sch\u00fclerinnen und Sch\u00fcler der Seerosenschule der 3. und 4. Klasse. <\/span><br \/><span style=\"color: #333333;\">Die Kinder k\u00f6nnen die OGS an 5 Nachmittagen pro Woche besuchen.<\/span><br \/><span style=\"color: #333333;\">Angebote sind z. B.:<\/span><\/p>\r\n<ul>\r\n<li><span style=\"color: #333333;\">Gemeinsames Mittagessen<\/span><\/li>\r\n<li><span style=\"color: #333333;\">Unterst\u00fctzung bei der Bew\u00e4ltigung schulischer Anforderungen <br \/><\/span><\/li>\r\n<li><span style=\"color: #333333;\">Pr\u00e4ventive Ma\u00dfnahmen f\u00fcr sozial gef\u00e4hrdete Kinder<\/span><\/li>\r\n<li><span style=\"color: #333333;\">Freizeit- und Hobbyangebote (auch Ausfl\u00fcge und Ferienfahrten)<\/span><\/li>\r\n<li><span style=\"color: #333333;\">Angebote zur Selbsterfahrung<\/span><\/li>\r\n<\/ul>\r\n<p><span style=\"color: #333333;\">Neben dem praktischen Nutzen wird das Selbstbewusstsein der Kinder gef\u00f6rdert und gest\u00e4rkt sowie der Zugang zu eigenen Potentialen erm\u00f6glicht. Bei besonderen schulischen und \/ oder pers\u00f6nlichen Problemen der Sch\u00fclerinnen und Sch\u00fcler k\u00f6nnen auch individuelle Beratung und weitergehende sozialp\u00e4dagogische Hilfe angeboten oder vermittelt werden.<\/span><br \/><span style=\"color: #333333;\"><img loading=\"lazy\" decoding=\"async\" class=\"size-medium wp-image-437 alignleft\" src=\"http:\/\/1.foerderzentrum-poing.de\/wp-content\/uploads\/2020\/01\/OGS2020-300x200.jpg\" alt=\"\" width=\"300\" height=\"200\" srcset=\"https:\/\/foerderzentrum-poing.de\/wp-content\/uploads\/2020\/01\/OGS2020-300x200.jpg 300w, https:\/\/foerderzentrum-poing.de\/wp-content\/uploads\/2020\/01\/OGS2020-1024x683.jpg 1024w, https:\/\/foerderzentrum-poing.de\/wp-content\/uploads\/2020\/01\/OGS2020-768x512.jpg 768w, https:\/\/foerderzentrum-poing.de\/wp-content\/uploads\/2020\/01\/OGS2020-1536x1024.jpg 1536w, https:\/\/foerderzentrum-poing.de\/wp-content\/uploads\/2020\/01\/OGS2020-2048x1365.jpg 2048w\" sizes=\"auto, (max-width: 300px) 100vw, 300px\" \/><\/span><\/p>\r\n<p><span style=\"color: #333333;\">Die Sozialp\u00e4dagogin Frau Koburger betreut zusammen mit Frau Goldbeck und einer Unterst\u00fctzungskraft zur Zeit bis zu 28 Kinder am Nachmittag in den R\u00e4umen der Realschule.<\/span><\/p>\r\n<p><span style=\"color: #333333;\">F\u00fcr n\u00e4here Informationen k\u00f6nnen Sie sich gerne direkt bei uns informieren:<\/span><br \/><span style=\"color: #333333;\">\u2022\u00a0\u00a0 Sekretariat der Seerosenschule: 08121\/7794-0<\/span><br \/><span style=\"color: #333333;\">\u2022<strong> \u00a0 Frau Koburger oder Frau Goldbeck<\/strong><strong>:\u00a0 \u00a0 \u00a0 08121\/7794-13<br \/><\/strong><\/span><span style=\"color: #333333;\">Mail: <a href=\"mailto:ogs.Poing@awo-kv-ebe.de\">ogs.Poing@awo-kv-ebe.de<\/a><\/span><\/p>\r\n<p>&nbsp;<\/p>\r\n\r\n<p>&nbsp;<\/p>\r\n","protected":false},"excerpt":{"rendered":"<p>Offene Ganztagsschule f\u00fcr Kinder aus den Klassen 1, 1A und 2 \u00a0\u00a0\u00a0\u00a0\u00a0\u00a0\u00a0\u00a0\u00a0\u00a0\u00a0\u00a0\u00a0\u00a0\u00a0\u00a0\u00a0\u00a0\u00a0\u00a0\u00a0\u00a0\u00a0\u00a0\u00a0\u00a0\u00a0\u00a0\u00a0\u00a0\u00a0\u00a0\u00a0\u00a0\u00a0\u00a0\u00a0\u00a0\u00a0\u00a0\u00a0\u00a0\u00a0\u00a0\u00a0\u00a0\u00a0\u00a0\u00a0\u00a0\u00a0\u00a0\u00a0\u00a0\u00a0\u00a0\u00a0\u00a0\u00a0\u00a0\u00a0\u00a0 Die OGS ist eine p\u00e4dagogisch ausgerichtete Betreuung. Nach dem Unterricht besteht bei vielen Kindern ein starkes Bed\u00fcrfnis nach freier Kommunikation, entspannter Unterhaltung und freiem Spiel. Die OGS wird deshalb als beaufsichtigte Freizeit ohne Lern- und Leistungsdruck gestaltet. Durch\u00a0 Angebote wie Vorlesen, Basteln, Rollen- und Bewegungsspiele werden Sprache, Motorik,<\/p>\n","protected":false},"author":1,"featured_media":0,"parent":0,"menu_order":0,"comment_status":"closed","ping_status":"closed","template":"","meta":{"footnotes":""},"class_list":["post-88","page","type-page","status-publish","hentry"],"_links":{"self":[{"href":"https:\/\/foerderzentrum-poing.de\/index.php?rest_route=\/wp\/v2\/pages\/88","targetHints":{"allow":["GET"]}}],"collection":[{"href":"https:\/\/foerderzentrum-poing.de\/index.php?rest_route=\/wp\/v2\/pages"}],"about":[{"href":"https:\/\/foerderzentrum-poing.de\/index.php?rest_route=\/wp\/v2\/types\/page"}],"author":[{"embeddable":true,"href":"https:\/\/foerderzentrum-poing.de\/index.php?rest_route=\/wp\/v2\/users\/1"}],"replies":[{"embeddable":true,"href":"https:\/\/foerderzentrum-poing.de\/index.php?rest_route=%2Fwp%2Fv2%2Fcomments&post=88"}],"version-history":[{"count":26,"href":"https:\/\/foerderzentrum-poing.de\/index.php?rest_route=\/wp\/v2\/pages\/88\/revisions"}],"predecessor-version":[{"id":1702,"href":"https:\/\/foerderzentrum-poing.de\/index.php?rest_route=\/wp\/v2\/pages\/88\/revisions\/1702"}],"wp:attachment":[{"href":"https:\/\/foerderzentrum-poing.de\/index.php?rest_route=%2Fwp%2Fv2%2Fmedia&parent=88"}],"curies":[{"name":"wp","href":"https:\/\/api.w.org\/{rel}","templated":true}]}}